rime number?
False
Is 1710968177 prime?
True
Is 55782817 prime?
False
Is 7325815137 prime?
False
Is 103218044209 a prime number?
False
Is 264210482 composite?
True
Is 14792248769 composite?
False
Is 17664033461 a composite number?
True
Is 7396694183 a composite number?
False
Is 5639982035 a composite number?
True
Is 1115780269 prime?
True
Is 646368161 a composite number?
False
Is 8371853389 a composite number?
False
Is 4519466077 prime?
False
Is 124122653 a prime number?
True
Is 272153009 prime?
True
Is 37864702838 a prime number?
False
Is 14150348861 a composite number?
True
Is 327175553 a prime number?
False
Is 234265553 prime?
True
Is 26467839922 a composite number?
True
Is 13567702807 prime?
True
Is 3876310609 prime?
True
Is 9850640979 composite?
True
Is 2233896829 a composite number?
False
Is 11424734206 prime?
False
Is 8199087805 composite?
True
Is 10046718323 composite?
False
Is 17675077 prime?
False
Is 57258643997 a composite number?
False
Is 131910253 a composite number?
True
Is 13064928223 a prime number?
True
Is 71242481 a composite number?
False
Is 57864097653 prime?
False
Is 1586670277 a prime number?
False
Is 15363071593 a prime number?
False
Is 6499212443 prime?
False
Is 1185847367 prime?
False
Is 58165024889 a prime number?
False
Is 29138960342 composite?
True
Is 7477803881 prime?
True
Is 25089441781 a composite number?
False
Is 680360215 a composite number?
True
Is 7254121997 a prime number?
True
Is 65915501 prime?
True
Is 2983669823 composite?
False
Is 30510122759 prime?
True
Is 820953317 a prime number?
False
Is 1797721787 a prime number?
False
Is 1757238149 a composite number?
True
Is 477853499 prime?
False
Is 661861657 a prime number?
True
Is 8858275861 prime?
True
Is 17670009505 a composite number?
True
Is 18261483 a prime number?
False
Is 1858120237 a composite number?
False
Is 36234969973 prime?
True
Is 3897161321 a composite number?
True
Is 17714077217 composite?
False
Is 3061627693 prime?
True
Is 15366713513 composite?
False
Is 445428673 a prime number?
True
Is 3262465187 a composite number?
False
Is 3319329061 a prime number?
False
Is 1306019353 a composite number?
False
Is 998264131 prime?
False
Is 532049773 a prime number?
False
Is 45412877 composite?
False
Is 967049243 a prime number?
True
Is 1054613317 prime?
True
Is 3482348263 a composite number?
True
Is 2453055169 a composite number?
True
Is 4488861887 prime?
False
Is 6299209381 a composite number?
False
Is 247504841 composite?
False
Is 900729209 composite?
False
Is 3204668701 prime?
False
Is 221505671 prime?
True
Is 595157863 a prime number?
False
Is 37045723127 a composite number?
True
Is 92013127 composite?
True
Is 1350555197 a prime number?
False
Is 14783064817 a composite number?
True
Is 23994658921 a prime number?
True
Is 15325615321 prime?
True
Is 1305097273 a composite number?
False
Is 74295446689 prime?
False
Is 5971477637 composite?
True
Is 234939847 prime?
False
Is 74531973011 prime?
False
Is 235226404466 a composite number?
True
Is 6281267417 a composite number?
True
Is 19883151127 composite?
True
Is 54666626341 prime?
True
Is 72586961 a prime number?
True
Is 4442128843 a composite number?
False
Is 5908938553 prime?
False
Is 35533103 prime?
True
Is 798808061 prime?
True
Is 39463197341 a prime number?
False
Is 27229912547 a composite number?
False
Is 1923371261 prime?
False
Is 5171900621 composite?
False
Is 42805626599 prime?
False
Is 4310870419 prime?
True
Is 108261055213 a prime number?
True
Is 5416280377 composite?
False
Is 166431532331 composite?
False
Is 48088683449 composite?
False
Is 3369073333 composite?
False
Is 14176946557 prime?
False
Is 1756202563 a prime number?
False
Is 853590733 composite?
False
Is 7456924855 a composite number?
True
Is 2331512531 composite?
False
Is 13740514861 a prime number?
True
Is 428006669 a prime number?
False
Is 3828730043 prime?
True
Is 10412859109 a composite number?
False
Is 29255014277 prime?
True
Is 1447270861 prime?
False
Is 41239916351 a composite number?
False
Is 25019405293 a prime number?
True
Is 474016033 composite?
True
Is 55686338313 prime?
False
Is 80478031 a composite number?
False
Is 1263041309 prime?
False
Is 594742133 composite?
False
Is 14298104651 prime?
False
Is 6936147659 composite?
True
Is 121784016379 prime?
True
Is 61174772857 prime?
False
Is 4626343583 prime?
True
Is 25994107 a prime number?
True
Is 3186392641 a composite number?
True
Is 744625997 a prime number?
True
Is 10708106333 composite?
True
Is 38596096531 composite?
False
Is 106514942617 prime?
True
Is 2285350733 a prime number?
False
Is 136839054697 composite?
True
Is 31738273807 composite?
True
Is 31153733851 a prime number?
True
Is 618948481 a composite number?
False
Is 74573711 a prime number?
False
Is 20349202897 a composite number?
False
Is 20546201899 composite?
False
Is 30905150567 prime?
True
Is 43874781382 a composite number?
True
Is 19341352451 prime?
True
Is 3991811947 a composite number?
True
Is 7295862683 a prime number?
False
Is 24060749705 a prime number?
False
Is 4965839483 a prime number?
False
Is 237660919 composite?
False
Is 438905783 prime?
True
Is 50257417169 a prime number?
False
Is 1016908679 a composite number?
True
Is 155645771 prime?
True
Is 7249553331 composite?
True
Is 561913879 a prime number?
True
Is 26525920427 prime?
True
Is 1017580093 a prime number?
False
Is 2173059071 a composite number?
False
Is 10428171311 composite?
False
Is 557150101 a prime number?
True
Is 864496411 a prime number?
False
Is 569209043 composite?
True
Is 2849756803 a composite number?
True
Is 1866790067 a prime number?
False
Is 1283154209 a prime number?
True
Is 2376213955 a composite number?
True
Is 7902184571 a prime number?
True
Is 3043155151 a composite number?
True
Is 805130003 a prime number?
True
Is 965410021 a composite number?
False
Is 2297914301 composite?
False
Is 10217753497 a composite number?
True
Is 50679087887 prime?
False
Is 2610754139 composite?
True
Is 69931769 prime?
True
Is 93375467859 a prime number?
False
Is 263556230901 a prime number?
False
Is 5472999899 composite?
False
Is 47527659422 composite?
True
Is 282416921 a composite number?
False
Is 3613363681 composite?
False
Is 12713740862 prime?
False
Is 1835827489 a prime number?
True
Is 544850489 composite?
False
Is 430313879 composite?
True
Is 5244880577 prime?
True
Is 3422379479 composite?
False
Is 116077513151 composite?
True
Is 33613983463 composite?
False
Is 32278307179 prime?
True
Is 44567093 a composite number?
False
Is 906658289 prime?
False
Is 3832394879 a composite number?
True
Is 19778131957 composite?
False
Is 142405633 prime?
False
Is 33176079929 composite?
True
Is 246875949995 prime?
False
Is 503271089 prime?
True
Is 5935570561 a composite number?
False
Is 446148299119 a prime number?
True
Is 2150859541 a composite number?
True
Is 13715432327 a composite number?
False
Is 12886663253 prime?
True
Is 43547664659 composite?
False
Is 1628792189 composite?
True
Is 3004298683 prime?
False
Is 2185009991 a prime number?
True
Is 120140837 composite?
True
Is 138571047463 composite?
True
Is 381213179 a composite number?
False
Is 1599318719 prime?
False
Is 13026198389 prime?
True
Is 57371025797 prime?
True
Is 13702294759 composite?
False
Is 34311307477 composite?
True
Is 4461229679 a prime number?
True
Is 1715395153 a composite number?
True
Is 1359370139 a prime number?
True
Is 6617419741 prime?
True
Is 595110259 a prime number?
False
Is 729093659 a prime number?
False
Is 44477696947 a prime number?
False
Is 195177757 a composite number?
False
Is 351493631 composite?
False
Is 5293458383 prime?
False
Is 4302973391 composite?
False
Is 711205031 composite?
False
Is 9805200841 a composite number?
True
Is 6477146647 a prime number?
True
Is 8564779297 a composite number?
False
Is 1344519149 composite?
True
Is 8540065423 composite?
True
Is 19684617313 a composite number?
False
Is 254763894659 a composite number?
True
Is 29396019113 prime?
True
Is 424467389 prime?
True
Is 1451398297 prime?
False
Is 160656773 prime?
True
Is 4927704179 a composite number?
True
Is 789844577 prime?
True
Is 339407027 a prime number?
True
Is 22602396919 prime?
False
Is 1075365947 composite?
False
Is 10885805977 a composite number?
True
Is 159681376111 a composite number?
Fal